 - 1. Suppose 93 = 6*u - 93. Suppose 27*w = u*w + 12. Let i be (w - (-2 + -4))*-1. Determine b(i).
-4
Let t(c) = -3*c**2 + c. Let f = 52 + -15. Suppose 10*k = 137 - f. Suppose -3 = -x + 5*b - 14, k = -4*x + 3*b. Give t(x).
-4
Let p(s) = 18963 - 4*s - 2*s**2 + 14*s - 18973 + s**2 + 3*s. Determine p(16).
-58
Let u(d) be the second derivative of 1/12*d**4 - 3/2*d**3 - d**2 - 30*d + 0. Let m(r) = 2*r**2 - 18*r - 3. Let b(l) = 2*m(l) - 5*u(l). Calculate b(9).
4
Let o = -1 + 3. Let c(y) = -35 + o*y - y + 26 + 2*y. Let n(h) = -4*h + 2. Let a be n(-1). Calculate c(a).
9
Let j(s) = 3*s**3 - 2*s + 3. Let f(d) = -14*d**3 + d**2 + 9*d - 5. Let v(w) = 2*f(w) + 9*j(w). Calculate v(5).
-58
Suppose 39*x + 74 - 35 = 0. Let p(m) = 5*m**3 - 3*m**2 + 1. Determine p(x).
-7
Let p(j) = 158*j - 640. Let h be p(4). Let b(x) = x**3 + 10*x**2 + 14*x - 11. Calculate b(h).
5
Let f(o) = 18*o + 2. Let c be f(-3). Let m = c + 67. Let s(k) = 5*k**2 - 8*k**3 - 6*k**3 + m*k**3 + 2*k. Calculate s(-4).
8
Let q(u) = -u**2 - 6*u + 9. Let i(j) = -1. Let d be (-1)/(2/16 - 99/88). Let m(c) = d*q(c) + 6*i(c). What is m(-6)?
3
Let l(j) = 12*j**3 + j**2 - 27*j - 109. Let p(f) = -f**3 + 2*f**2 + 3. Let z(y) = l(y) + 11*p(y). What is z(-24)?
-4
Let w(p) be the first derivative of -1/2*p**2 + 43 + 5*p. Give w(4).
1
Let p(w) = 119*w + 3928. Let q be p(-33). Let b(k) = 44*k**3 + 3*k**2 - k - 2. What is b(q)?
44
Let o(y) = y**3 + y**2 + y - 1. Let l(p) = 5*p**3 + 6*p**2 + 4*p + 1. Let h = -4 + 5. Let t(i) = h*l(i) - 4*o(i). What is t(-3)?
-4
Suppose -5*c + 1 = 6. Let o be ((-14)/(-56))/(c/(-28)). Let i(w) = 27 + o*w - 45 + 21. Give i(-2).
-11
Let p(i) = 3*i - 2. Let j = 60 - 103. Let m = j - -45. Let n be (m/(-3))/(20/60). What is p(n)?
-8
Let l(q) = -q**2 + 2*q - 6. Let o be l(0). Let r = o - -8. Suppose 2*n = -r - 10. Let g(t) = -t**2 - 6*t - 6. Calculate g(n).
-6
Suppose 0 = 155*g - 107*g + 144. Let i(j) = j**3 - j**2 - 8*j. What is i(g)?
-12
Let h(n) = -n - 5. Suppose 24*q - 348 = -324. Calculate h(q).
-6
Let w(u) be the first derivative of -u**4/4 - 2*u**3 - 5*u**2/2 - 4*u - 1989. Let x(k) = -k**2 - 4*k + 7. Let c be x(-6). Determine w(c).
-4
Let c(l) = 3*l**2 + 6*l + 2. Let r(u) = -u - 37. Let b be r(-31). Let t(z) = -z**3 - 4*z**2 - 77. Let m be t(b). Determine c(m).
47
Let s(k) = -k**2 - 7*k - 2. Suppose 0 = -5*q - 3 - 7. Let u(a) = 17*a + 31. Let f be u(q). Calculate s(f).
10
Let v(r) = -7 - 55*r + 5*r + 29. Let m(h) = -7*h + 3. Let u(t) = -44*m(t) + 6*v(t). Let c be (-12)/(-14) - (-5)/35. Determine u(c).
8
Suppose -128*i = -129*i - 11. Let c(d) be the third derivative of d**5/60 + 11*d**4/24 - 4*d**3/3 + 171*d**2. What is c(i)?
-8
Let q(i) be the second derivative of i**5/4 - 57*i + 16. Let j = -3 - -4. Determine q(j).
5
Let m(w) = 11*w + 22. Let n(l) = 6*l + 11. Let p(y) = -3*m(y) + 5*n(y). Let k(u) = -2. Let v(t) = 3*k(t) - p(t). What is v(-5)?
-10
Let x(l) be the second derivative of -l**5/20 - l**4/3 + l**3/2 + 5*l**2/2 - 12*l + 541. Let y = -8 - -3. What is x(y)?
15
Let s(c) = -4*c + 3. Suppose -46*o - 288 = -840. Give s(o).
-45
Let k be (-2)/(-2) - (-4)/(-4) - -6. Suppose k = -12*s + 15*s. Let r(p) = 5*p - 2*p**3 - 3 + 6*p**2 - 4*p + 3*p**3 - p**s. What is r(-3)?
12
Let b(u) = -u**2 - 6*u - 7. Suppose 4*r = -4*p, 8 = -0*p - 2*p. Suppose -4*z + 9*n = 13*n + 12, r*n - 6 = -z. Calculate b(z).
-7
Let y(t) be the second derivative of t**5/20 - t**4/2 + 3*t**3/2 - 7*t**2/2 + 356*t. Give y(4).
-3
Suppose -3*t + 2*y = -50, 10*t - 22 = 7*t - 2*y. Let w(a) = -3*a + 30. Determine w(t).
-6
Let k(p) = -p**2 - 202 + 46 - 4*p + 2*p**2 + 99 + 54. Let l = 3 + -5. Give k(l).
9
Let t(o) = 8*o**3 + 4*o**2 - 25 + 53 + 6*o - 9*o**3 - 27. Give t(6).
-35
Let a(l) be the first derivative of -l**2/2 - 13*l + 15. Let p(i) = -12*i**2 + 4*i + 2. Let t be p(-1). Let k = -21 - t. Calculate a(k).
-6
Let n(k) = -125*k + 4. Let i(f) = -70*f + 2. Let x(w) = 7*i(w) - 4*n(w). Determine x(-1).
-12
Let n(u) = 11 + 59 + 44*u - 91 + 4 + 3. What is n(2)?
74
Let y(a) = -15*a + 4 + 53 - 13*a + 23*a - 55. Let u(w) = w**3 + 2*w**2 - 4*w - 1. Let z be u(-3). What is y(z)?
-8
Let j(g) = 228*g**3 + 3*g**2 - 4*g + 1. Let d be j(1). Let m = -221 + d. Let z(l) = -l**2 + 9*l - 9. Determine z(m).
5
Let p(h) = -4*h**3 + 2*h + 3. Let o(y) = 3*y**3 - y - 3. Let s(i) = 3*o(i) + 2*p(i). Let j(b) = 35*b - 2*b**2 + 3 - 72*b + 32*b. Let a be j(-3). Calculate s(a).
-3
Let h(l) = 70*l + 76. Suppose -68*s + 143 = -71*s - 140*s. Give h(s).
6
Let h(r) = -r**3 + 2*r**2 + 6*r + 12. Let n be h(4). Suppose -x + 15 = -n*x. Let t(s) = -s - 13. What is t(x)?
-8
Let h(n) be the first derivative of n**2 + 4*n + 2. Suppose 0 = 5*s + 4*u - 1850, -717 = -2*s - 0*s + 3*u. Let a = 362 - s. What is h(a)?
-4
Let n(p) = -112*p**3 + 8*p**2 - 10*p - 6. Let m(q) = -95*q**3 + 7*q**2 - 9*q - 5. Let g(s) = -7*m(s) + 6*n(s). Give g(1).
-6
Let o(n) = -6*n**2 + 25*n + 14. Let m(k) = -4 + 3 + 1 + 3 - k**2 + 5*k. Let j(i) = -11*m(i) + 2*o(i). Determine j(-7).
-19
Let h(k) = -k**2 - 11*k - 9. Suppose -862 = -3*m - m + 3*b, 2*b = -4. Let f be (0 - (-16)/(-3))/(m/321). Calculate h(f).
15
Let m(b) = b**2 + 16*b - 18. Suppose -l - 21 = -8*r + 9*r, 3*r + 2*l + 58 = 0. Give m(r).
-18
Let z(q) be the third derivative of q**6/120 + 7*q**5/6 - 21*q**4/8 + 559*q**3/6 + 6*q**2 + 36*q + 1. What is z(-71)?
-9
Let s(a) = 9*a**2 - 155*a + 170. Let k be s(16). Let p(c) = 3*c**2 - c - 6. Let v(t) = -t**2 + t - 1. Let g(q) = p(q) + 2*v(q). Calculate g(k).
22
Let m be (-1)/(2 + 2235/(-1115)). Let l(r) = -224 + 448 + 6*r**3 - m. Give l(-1).
-5
Let w = -28804 - -28803. Let q(x) be the third derivative of 1/24*x**4 + 0*x + 0 + 5*x**2 + 1/6*x**3 + 1/10*x**5. What is q(w)?
6
Let d(y) = -112*y + 61. Let o(p) = -373*p + 182. Let u(f) = -10*d(f) + 3*o(f). Calculate u(29).
-35
Let q be 8 + (66/11 - 6). Let m(d) = d**2 - 8*d + 6. Determine m(q).
6
Suppose -4*y + 32 = 5*f, 10*f + 2*y - 14 = 8*f. Let k(u) = 4*u**2 - 14*u - 4. What is k(f)?
4
Let f = -7 + 2. Let o(j) be the second derivative of j**3/2 + 15*j**2/2 - 11198*j. What is o(f)?
0
Let t(h) = 15*h + 38. Suppose -14 = -101*i + 102*i - 3*z, -4*i + 2*z + 14 = 0. Give t(i).
143
Let x(d) = -d**2 - d + 1. Let u(q) = q**2 + q + 2. Let a(w) = 2*w**2 - 8*w + 15. Let c(m) = a(m) - 6*u(m). Let s(t) = -c(t) + 5*x(t). What is s(8)?
10
Let c(q) = 3*q**3 + 81*q**2 - 1 + 3*q - 161*q**2 + 78*q**2. Determine c(1).
3
Let h(u) = 12*u + 74. Let t be h(-6). Let m(p) = -2*p**2 + p**2 - 3*p**t - 5*p + 3*p**2 - 6. Give m(-2).
0
Let b(l) = -23*l - 117. Let q(v) = -11*v - 53. Let p(m) = 4*b(m) - 9*q(m). Determine p(2).
23
Suppose x - 19 = 4*p, 2*p + 367 = 359. Let t(b) be the first derivative of 4*b - 1/3*b**x - 26 + 2*b**2. Calculate t(5).
-1
Let k(z) = 9*z**3 + 9*z**2 - 15*z - 2. Let d(t) = -5*t**3 - 5*t**2 + 8*t + 1. Let b(c) = 7*d(c) + 4*k(c). Let v = -6504 + 6501. Determine b(v).
-7
Let c(v) = 3*v - 7. Let f be ((-10)/(-4))/((-125)/(-300)). Suppose f*i + 3 = 33. What is c(i)?
8
Let f(o) = -46*o**2 - 11*o - 14. Let l(q) = 12*q**2 - 2*q + 1. Let j(c) = f(c) + 4*l(c). Determine j(9).
-19
Let l(b) = -5*b**3 + 11*b**2 + 10*b - 17. Let q(p) = -4*p**3 + 10*p**2 + 10*p - 17. Let h(k) = -3*l(k) + 4*q(k). Let j = -688 - -696. Calculate h(j).
-1
Let f(z) = -2*z**3 - 19*z**2 + 43*z + 9. Let v(y) = y**3 + 10*y**2 - 22*y - 5. Let q(m) = 3*f(m) + 5*v(m). Determine q(-9).
-7
Let o(m) = -m**2 - 17*m - 56. Suppose -20*u + 257*u = -2133. Give o(u).
16
Let n be 0 + 0 + 0 + 0. Let z(a) = 6 - 15 - 125*a - a**3 + 4 + 251*a - a**2 - 125*a. Give z(n).
-5
Suppose 9*j = 17*j - 64. Let y(s) = 5 - 7 - 4*s**2 + 7*s - 3*s - j*s. Give y(-2).
-10
Let r be (3 - 3)/(-3) + 2. Let w(n) = -n**r - 6 - n**2 + 0*n**2 + 3*n**2 + 7*n. Let s be 54/243 + ((-65)/9)/1. Calculate w(s).
-6
Let f = -5209 + 5206. Let t(h) = -14*h - 26. Determine t(f).
16
Suppose 14*r - 33 = 2*r + r. Let x(p) be the first derivative of -1/3*p**r - 1 + 4*p - 1/2*p**2. Give x(-3).
-2
Let u(y) = 3*y**2 - 18*y - 7. Suppose 2*r = 5*w + 4*r - 38, 4*r - 4 = 2*w. What is u(w)?
-7
Let d(c) = -c**2 - 5*c - 10. Let y(w) = -w**2 - 4*w - 11. Let b(v) = 4*d(v) - 3*y(v). Let o = -16 + 6. Let h = o + 4. What is b(h)?
5
Suppose 67*i - 144 = 76*i. Let s be 18/(-3*2/8). Let u = i - s. Let z(c) = 2*c - 10. What is z(u)?
6
Let g(l) = 8*l - 72. Let f(